{"id":20286,"date":"2022-11-19T14:39:08","date_gmt":"2022-11-19T13:39:08","guid":{"rendered":"https:\/\/niceshopping.fr\/?post_type=event&#038;p=20286"},"modified":"2022-12-02T11:26:04","modified_gmt":"2022-12-02T10:26:04","slug":"black-nice-days-faites-les-meilleures-affaires-a-nice-2","status":"publish","type":"event","link":"https:\/\/niceshopping.fr\/it\/evenement\/black-nice-days-faites-les-meilleures-affaires-a-nice-2\/","title":{"rendered":"BLACK NICE DAYS : FAITES LES MEILLEURES AFFAIRES \u00c0 NICE !"},"content":{"rendered":"\n<p>Qui dit fin du mois de novembre dit aussi Black Friday ! Vos commer\u00e7ants ni\u00e7ois font encore mieux, ils vous proposent les Black Nice Days : d\u00e8s le 21 novembre, une semaine enti\u00e8re exclusivement consacr\u00e9e \u00e0 la chasse aux bonnes affaires chez vos commer\u00e7ants et artisans pr\u00e9f\u00e9r\u00e9s !  <\/p>\n\n\n\n<p>Mode, d\u00e9co, high-tech, beaut\u00e9\u2026 pendant les Black Nice Days, venez \u00e0 Nice profiter d\u2019offres et de promotions  exceptionnelles. Essayez, touchez, d\u00e9couvrez tout ce qui vous fait envie EN VRAI !<\/p>\n\n\n\n<p>Les Black Nice Days : c\u2019est le Black Friday puissance Nice ! <\/p>\n\n\n\n<figure class=\"wp-block-image size-large\"><img loading=\"lazy\" decoding=\"async\" width=\"1024\" height=\"387\" src=\"https:\/\/niceshopping.fr\/wp-content\/uploads\/2021\/11\/1115-bandeau-nicematin-254x96-black-friday--page-001-1024x387.jpg\" alt=\"\" class=\"wp-image-20288\" srcset=\"https:\/\/niceshopping.fr\/wp-content\/uploads\/2021\/11\/1115-bandeau-nicematin-254x96-black-friday--page-001-1024x387.jpg 1024w, https:\/\/niceshopping.fr\/wp-content\/uploads\/2021\/11\/1115-bandeau-nicematin-254x96-black-friday--page-001-300x113.jpg 300w, https:\/\/niceshopping.fr\/wp-content\/uploads\/2021\/11\/1115-bandeau-nicematin-254x96-black-friday--page-001-768x290.jpg 768w, https:\/\/niceshopping.fr\/wp-content\/uploads\/2021\/11\/1115-bandeau-nicematin-254x96-black-friday--page-001.jpg 1500w\" sizes=\"auto, (max-width: 1024px) 100vw, 1024px\" \/><\/figure>\n","protected":false},"excerpt":{"rendered":"<p>Qui dit fin du mois de novembre dit aussi Black Friday ! Vos commer\u00e7ants ni\u00e7ois font encore mieux. D\u00e8s le 25 novembre, ils vous proposent les Black Nice Days. <\/p>\n","protected":false},"author":471,"featured_media":20291,"template":"","class_list":["post-20286","event","type-event","status-publish","has-post-thumbnail","hentry"],"acf":[],"_links":{"self":[{"href":"https:\/\/niceshopping.fr\/it\/wp-json\/wp\/v2\/event\/20286","targetHints":{"allow":["GET"]}}],"collection":[{"href":"https:\/\/niceshopping.fr\/it\/wp-json\/wp\/v2\/event"}],"about":[{"href":"https:\/\/niceshopping.fr\/it\/wp-json\/wp\/v2\/types\/event"}],"author":[{"embeddable":true,"href":"https:\/\/niceshopping.fr\/it\/wp-json\/wp\/v2\/users\/471"}],"wp:featuredmedia":[{"embeddable":true,"href":"https:\/\/niceshopping.fr\/it\/wp-json\/wp\/v2\/media\/20291"}],"wp:attachment":[{"href":"https:\/\/niceshopping.fr\/it\/wp-json\/wp\/v2\/media?parent=20286"}],"curies":[{"name":"wp","href":"https:\/\/api.w.org\/{rel}","templated":true}]}}

BLACK NICE DAYS : FAITES LES MEILLEURES AFFAIRES À NICE !

<p>Qui dit fin du mois de novembre dit aussi Black Friday ! Vos commerçants niçois font encore mieux, ils vous proposent les Black Nice Days : dès le 21 novembre, une semaine entière exclusivement consacrée à la chasse aux bonnes affaires chez vos commerçants et artisans préférés !  </p>



<p>Mode, déco, high-tech, beauté… pendant les Black Nice Days, venez à Nice profiter d’offres et de promotions  exceptionnelles. Essayez, touchez, découvrez tout ce qui vous fait envie EN VRAI !</p>



<p>Les Black Nice Days : c’est le Black Friday puissance Nice ! </p>



<figure class="wp-block-image size-large"><img loading="lazy" decoding="async" width="1024" height="387" src="https://niceshopping.fr/wp-content/uploads/2021/11/1115-bandeau-nicematin-254x96-black-friday--page-001-1024x387.jpg" alt="" class="wp-image-20288" srcset="https://niceshopping.fr/wp-content/uploads/2021/11/1115-bandeau-nicematin-254x96-black-friday--page-001-1024x387.jpg 1024w, https://niceshopping.fr/wp-content/uploads/2021/11/1115-bandeau-nicematin-254x96-black-friday--page-001-300x113.jpg 300w, https://niceshopping.fr/wp-content/uploads/2021/11/1115-bandeau-nicematin-254x96-black-friday--page-001-768x290.jpg 768w, https://niceshopping.fr/wp-content/uploads/2021/11/1115-bandeau-nicematin-254x96-black-friday--page-001.jpg 1500w" sizes="auto, (max-width: 1024px) 100vw, 1024px" /></figure>

<p>Qui dit fin du mois de novembre dit aussi Black Friday ! Vos commerçants niçois font encore mieux. Dès le 25 novembre, ils vous proposent les Black Nice Days. </p>
